3*d + b. Let l = d - 23. What is the units digit of l?
0
Let d = 185 - 122. What is the tens digit of d?
6
Let w = 21 + -7. What is the units digit of 18 + -17 + 1*w?
5
Let a = -7 + 13. Suppose -s - 2*v + 37 = a, 0 = -3*s - 4*v + 91. What is the units digit of s?
9
Let r(x) = -x**2 + 6*x - 4. Suppose 0 = 7*c - 3*c + 2*q + 18, -5*c - 4*q - 21 = 0. Let i = c - -9. What is the units digit of r(i)?
4
Let w = 9 + -19. Let z be (-5)/(w/(-4)) + 10. Suppose j - z = -2. What is the units digit of j?
6
Suppose b = 3*b + 6. Let w = 35 + -25. Let x = w - b. What is the tens digit of x?
1
Let c(w) = w**3 - 11*w**2 + 5*w - 7. What is the units digit of c(12)?
7
Let u = 2 + 2. Suppose 0 = -u*q + q + 135. Suppose 8*a = 2*x + 3*a - 21, -5*x + q = -5*a. What is the units digit of x?
8
Let q be (2/5)/(2/80). Suppose 0 = j - 5*j + q. What is the units digit of j?
4
Let u(a) = 5*a + 29. Let d(y) = -y - 6. Let l(s) = 11*d(s) + 2*u(s). Let x be l(-6). Let z = x + 3. What is the units digit of z?
1
Suppose -23*a + 22*a = -62. What is the tens digit of a?
6
Let q be -1 + 3 + (-3 - -3). Suppose 4 = q*r - 8. Suppose -a = a - r. What is the units digit of a?
3
Let x be 1/4 + 5/(-20). Suppose -3*v + x*v = -6. What is the units digit of v?
2
Let t = 65 + 12. What is the tens digit of t?
7
Suppose 11*z = -901 + 4179. What is the hundreds digit of z?
2
What is the units digit of 2 - 11/(11/(-40))?
2
Let t(a) = -2 - 4*a**2 + a**3 - 1 - 2*a**2 + a. What is the units digit of t(6)?
3
Suppose -n + 6 = -5*f, 17 = 4*n - 3*f - 7. Let j = -11 + n. Let z(v) = v**2 + 2*v - 6. What is the units digit of z(j)?
9
Let j be (-15)/(-6)*8/(-10). What is the tens digit of 16 - j/(1 - -1)?
1
Suppose -600 = -15*g + 90. What is the units digit of g?
6
Let w(f) = f**3 + 8*f**2 + 5. Let q be w(-8). Suppose -2*d = -6, q*d = 4*r - 10 - 15. Let l = r - 6. What is the units digit of l?
4
Let y be ((-8)/6)/(2/(-3)). Let v = y + -5. What is the units digit of (v + (-10)/(-4))*-28?
4
Suppose 0 = 2*o + 4*k + 28, -4*o + 3*k - 33 = -10. Let r(w) = -w**3 - 9*w**2 - 8*w + 10. What is the units digit of r(o)?
0
Suppose 32*i = 29*i + 510. What is the tens digit of i?
7
Let z(u) = -8*u**2 + 2. Let s be z(-2). Let y = 54 + s. What is the tens digit of y?
2
Let t(w) = 2*w**2 + 18*w + 8. What is the hundreds digit of t(9)?
3
Suppose 0 = 5*g - 3*l - 103, -3 = 4*l + 1. What is the units digit of g?
0
Let c(n) = -n**2 - 4*n + 2. Let u be c(-4). Let q(m) = 1 + 2*m + 7*m**2 - 3*m - 5*m**2. What is the units digit of q(u)?
7
Suppose -2*o - 2 = -6. Let v = o + 4. What is the units digit of v?
6
Let n = -16 + 37. What is the units digit of n?
1
Let c(n) = n**2 - 10*n + 9. Let f be c(9). Suppose -3*g + 0*g = f. Suppose 5*w + 2*r - 61 = g, 0 = -w - 3*r + 4*r + 15. What is the units digit of w?
3
Let n = -4 + 4. Let f(d) = -5*d**2 - d**3 + n*d + 0 - 3 - 2*d. What is the units digit of f(-5)?
7
Suppose -22 = -2*z - 2*f + 8, -3*z + 3*f = -39. What is the units digit of z?
4
Suppose 0 = -5*w + 274 - 14. Let r = w + -32. What is the units digit of r?
0
Let k(x) = 3*x**2 - 4*x - 9. What is the units digit of k(-5)?
6
Let i(y) = -y + 2*y + 2*y - 2. What is the units digit of i(1)?
1
Let n(i) = -i**3 - 2*i**2 + 5*i + 3. Let t be n(-3). Let q(x) = x**2 - x - 1. What is the units digit of q(t)?
1
Let u(o) = -o - 1. Let y be u(-6). Suppose -z - 2 = -0*z, y*m - 2*z = 29. Suppose -3*w + 4 = -4*c, -m*c + w = -2*w + 2. What is the units digit of c?
2
Let a = 0 + 4. Suppose -3*m + a = -44. What is the tens digit of m?
1
Suppose 4*q = -j - 10 + 3, -3*j + 49 = -2*q. Suppose 5*x + j = -12. Let n = x + 8. What is the units digit of n?
3
Suppose 0 = 4*o - 0 - 16. What is the units digit of o?
4
Let u = -63 + 129. Suppose 0 = -4*v + 5*r + 208 - u, -2*r + 29 = v. Suppose v = -4*f + 81. What is the units digit of f?
2
Let w(v) = v**3 + 7*v**2 + 7*v + 8. Let o be w(-6). Let p(l) = l**o + 2 + 3*l + 3 + 0. What is the units digit of p(-4)?
9
Suppose 5*l = c + 2*l - 274, 0 = -2*c - 2*l + 572. What is the units digit of c?
3
What is the tens digit of (-3 - -4)/(1/55)?
5
Let p be 7/28 + 30/8. Suppose -s + 41 = -p*y, -5*y - 41 = -4*s + 90. What is the units digit of s?
9
Suppose -3*b - h = 4*h - 14, b - 6 = -3*h. Suppose 103 = 5*i + b*n, 0*i + 2*i = 3*n + 37. What is the tens digit of i?
2
Let x = -102 + 145. What is the tens digit of x?
4
What is the tens digit of 40 + 4 - (0 - 5)?
4
Let h = 9 + -6. What is the tens digit of ((-10)/6)/(h/(-27))?
1
Let p(l) = l + 16. What is the units digit of p(-7)?
9
Let s(i) be the third derivative of -i**5/60 - 5*i**4/12 - i**3/3 + i**2. What is the units digit of s(-7)?
9
Suppose -5*o - 1 = -i + 4, -2*i = 5*o + 5. Suppose l = -i*l. Let j = 8 - l. What is the units digit of j?
8
Suppose 2*w - 16 = 3*f, 16 = 2*w - 0*w + 3*f. Suppose -w = -i + 2. What is the units digit of i?
0
Suppose 5*p = 15, 4*c - 21 = -3*p + 12. What is the units digit of c?
6
Let d = 4 - -1. Let h(v) = 5*v**3 - 2*v**2 + 9*v - 9. Let u(l) = 11*l**3 - 3*l**2 + 19*l - 19. Let f(r) = -9*h(r) + 4*u(r). What is the units digit of f(d)?
5
Suppose 3*t = 2*t + 1. Let l be (-15)/2 - t/2. Let f(x) = x**3 + 9*x**2 + 7*x - 6. What is the units digit of f(l)?
2
Let u(f) be the second derivative of -1/20*f**5 - 7/12*f**4 + 7/2*f**2 - f**3 + 0 + f. What is the units digit of u(-6)?
7
Suppose 17 + 15 = 4*n. Suppose z = n + 7. What is the units digit of 9/2*40/z?
2
Let k(d) = d**3 + 8*d**2 + 7*d + 5. Let z be 3*(1/(-3) + -2). What is the units digit of k(z)?
5
Let n be 5 + (-2 + 1 - 0). Suppose 5*q + 0*q = -n*o - 33, 4 = 3*o - 2*q. What is the units digit of 0 - (-11 - o) - 2?
7
Let k be (0 + -7)/((-2)/6). Suppose -3*q + k = -9. What is the tens digit of q?
1
Suppose 0*u + 2*u = -2*k, 2*u + 16 = 2*k. Suppose -g = -6*g + p, k*g + 11 = 3*p. What is the units digit of g?
1
Suppose 2*d - 15 = -3*d. Suppose 4*u - d + 1 = -2*z, -4*u + 17 = -z. What is the units digit of u?
3
Let k = 10 + -26. Let m = k - -20. What is the units digit of m?
4
Let f be (-12)/(-3 + -1) - -4. Suppose -2*l + 4*l - 6 = 0. Suppose b + 8 = 4*r - 7, l*r - f = 5*b. What is the units digit of r?
4
Let u(j) = j**3 + 11*j**2 - 12*j + 5. Let p be u(-12). Suppose -110 = -4*w + p*v + 92, -v + 190 = 4*w. What is the tens digit of w?
4
What is the hundreds digit of (2/(-3))/((-8)/1452)?
1
Let t(c) = -c**3 + 2*c**2 - c + 2. Let j be t(2). Let r be (-6)/4 - 22/(-4). Suppose -k + r*i = 3*k - 20, -2*k + 3*i + 13 = j. What is the units digit of k?
2
Let z(w) = w**2 - 9*w + 11. Let b(m) = m**2 - 9*m + 12. Let j(k) = -2*b(k) + 3*z(k). Let h be -6*(20/12 - 3). What is the units digit of j(h)?
1
Suppose -2*n = n - l + 11, 2*n = 4*l - 24. Let q be (-1)/(1 - (-1)/n). What is the units digit of 0 - (q + 1) - 0?
1
Let i(r) be the first derivative of -r**3/3 + 5*r**2 + 3*r - 1. Suppose 4*k - 9*k + 50 = 0. What is the units digit of i(k)?
3
Let l = -107 + 186. What is the tens digit of l?
7
Let s(k) = -3*k**3 - 2*k**2 - k - 4. What is the tens digit of s(-2)?
1
Let z = 98 - 58. What is the tens digit of z?
4
Let c be (-3 - -2)/((-2)/8). Suppose z = -0*z - c. What is the units digit of (11/(-2))/(2/z)?
1
Let o(f) = -22*f. Let x be o(-1). Suppose -5*s + 23 = 4*d, 4*d - 75 = s - x. What is the units digit of d?
2
Let g be (-2)/7 + (-32)/(-14). Let t(j) = 0*j**2 + 2 - g*j + j**2 + 0. What is the units digit of t(3)?
5
Let v = -22 + 96. Let o = v + -48. What is the tens digit of o?
2
Let i(b) = b - 1 + 4 + 1. Suppose j - 2*x = 2*x - 19, 0 = 4*j - 5*x + 32. What is the units digit of i(j)?
1
Suppose 4*b - 25 = 107. What is the units digit of b?
3
Suppose -5*n = -41 + 11. Let m = 2 - n. What is the units digit of -2 + (-2 - m) + 4?
4
Suppose -2*t - 23 = -3*g, 26 = 4*g - 5*t - 0*t. What is the units digit of g?
9
Suppose 0 = -5*u + 5*j - 560, -2*j - 55 = 2*u + 181. Let a = -66 - u. Suppose -5*y = 4*n - a, 4*n - 27 = 2*n - 3*y. What is the units digit of n?
6
Suppose -2*t - 10 = 3*t. Let k be 11*((-3)/(-1) + t). Suppose 0 = b - k + 3. What is the units digit of b?
8
Suppose g - 3 = 3*n, 3*n + 16 = 1. Let b be (-2)/(-4) + (-66)/g. What is the units digit of 0 + (-30)/(b/(-3))?
5
Let v = -199 + 301. Let f = v - 73. What is the tens digit of f?
2
Let z = -25 - -13. Let b = 14 + z. What is the units digit of b?
2
Let m(v) = 0 + 